{"id":438018,"date":"2022-07-16T11:31:19","date_gmt":"2022-07-16T15:31:19","guid":{"rendered":"https:\/\/omh-ohcc.ca\/hu\/?page_id=438018"},"modified":"2022-07-18T00:03:39","modified_gmt":"2022-07-18T04:03:39","slug":"festmenyvasar-virtualis-galeria","status":"publish","type":"page","link":"https:\/\/omh-ohcc.ca\/hu\/festmenyvasar-virtualis-galeria\/","title":{"rendered":"K\u00e9pv\u00e1s\u00e1r virtu\u00e1lis gal\u00e9ria"},"content":{"rendered":"<div dir=\"auto\">J\u00falius 22 \u00e9s augusztus 19.-e k\u00f6z\u00f6tt p\u00e9nteki napokon j\u00f3t\u00e9konys\u00e1gi k\u00e9pv\u00e1s\u00e1rra ker\u00fcl sor az OMH-ban.<\/div>\n<div dir=\"auto\">Olajfestm\u00e9nyek, akvarellek, r\u00e9zkarc lenyomatok, fot\u00f3k tal\u00e1lhat\u00f3k a v\u00e1laszt\u00e9kunkban, eredeti t\u00e1jk\u00e9pek, portr\u00e9k, utcar\u00e9szletek, apr\u00f3 ker\u00e1mi\u00e1k \u00e9s egy\u00e9b d\u00edszt\u00e1rgyak.<\/div>\n<div dir=\"auto\">&nbsp;<\/div>\n<div dir=\"auto\">Aj\u00e1nlat ellen\u00e9ben \u00e9s &#8222;First come first serve&#8221; alapon ker\u00fclnek megv\u00e1s\u00e1rl\u00e1sra.<\/div>\n<div dir=\"auto\">Az adom\u00e1nyokat a Magyarok Kenyere Alap\u00edtv\u00e1nynak juttatjuk.<\/div>\n<div dir=\"auto\">&nbsp;<\/div>\n<div dir=\"auto\">A virtu\u00e1lis gal\u00e9riankban megtekinthetnek n\u00e9h\u00e1nyat a k\u00e9peink k\u00f6z\u00fcl.<\/div>\n<p><!--\n\n\n<div dir=\"auto\">\n\n\n<div class=\"mceItem mceNonEditable nggPlaceholder\"\n         id=\"1658117006460\"\n         data-shortcode=\"ngg src=&quot;albums&quot; ids=&quot;1&quot; display=&quot;basic_compact_album&quot;\"\n         data-mce-resize=\"false\"\n         data-mce-placeholder=\"1\"\n         contenteditable=\"false\">\n\n\n<h3>NextGEN Gallery<\/h3>\n\n\n\n\n<div class=\"nggPlaceholderButton nggIgwEdit\">\n        \tSzerkeszt\u00e9s<\/div>\n\n\n\n\n<div class=\"nggPlaceholderButton nggIgwRemove\">\n        \tT\u00f6rl\u00e9s<\/div>\n\n\n<\/div>\n\n\n<\/div>\n\n\n--><\/p>\n<p>[ngg src=&#8221;galleries&#8221; ids=&#8221;1&#8243; display=&#8221;basic_thumbnail&#8221; thumbnail_crop=&#8221;0&#8243;]<\/p>\n","protected":false},"excerpt":{"rendered":"<p>J\u00falius 22 \u00e9s augusztus 19.-e k\u00f6z\u00f6tt p\u00e9nteki napokon j\u00f3t\u00e9konys\u00e1gi k\u00e9pv\u00e1s\u00e1rra ker\u00fcl sor az OMH-ban. Olajfestm\u00e9nyek, akvarellek, r\u00e9zkarc lenyomatok, fot\u00f3k tal\u00e1lhat\u00f3k a v\u00e1laszt\u00e9kunkban, eredeti t\u00e1jk\u00e9pek, portr\u00e9k, utcar\u00e9szletek, apr\u00f3 ker\u00e1mi\u00e1k \u00e9s egy\u00e9b d\u00edszt\u00e1rgyak. &nbsp; Aj\u00e1nlat ellen\u00e9ben \u00e9s &#8222;First come first serve&#8221; alapon ker\u00fclnek megv\u00e1s\u00e1rl\u00e1sra. Az adom\u00e1nyokat a Magyarok Kenyere Alap\u00edtv\u00e1nynak juttatjuk. &nbsp; A virtu\u00e1lis gal\u00e9riankban megtekinthetnek n\u00e9h\u00e1nyat [&hellip;]<\/p>\n","protected":false},"author":3,"featured_media":0,"parent":0,"menu_order":0,"comment_status":"closed","ping_status":"closed","template":"t_no-right-page.php","meta":[],"_links":{"self":[{"href":"https:\/\/omh-ohcc.ca\/hu\/wp-json\/wp\/v2\/pages\/438018"}],"collection":[{"href":"https:\/\/omh-ohcc.ca\/hu\/wp-json\/wp\/v2\/pages"}],"about":[{"href":"https:\/\/omh-ohcc.ca\/hu\/wp-json\/wp\/v2\/types\/page"}],"author":[{"embeddable":true,"href":"https:\/\/omh-ohcc.ca\/hu\/wp-json\/wp\/v2\/users\/3"}],"replies":[{"embeddable":true,"href":"https:\/\/omh-ohcc.ca\/hu\/wp-json\/wp\/v2\/comments?post=438018"}],"version-history":[{"count":10,"href":"https:\/\/omh-ohcc.ca\/hu\/wp-json\/wp\/v2\/pages\/438018\/revisions"}],"predecessor-version":[{"id":439130,"href":"https:\/\/omh-ohcc.ca\/hu\/wp-json\/wp\/v2\/pages\/438018\/revisions\/439130"}],"wp:attachment":[{"href":"https:\/\/omh-ohcc.ca\/hu\/wp-json\/wp\/v2\/media?parent=438018"}],"curies":[{"name":"wp","href":"https:\/\/api.w.org\/{rel}","templated":true}]}}

Képvásár virtuális galéria

<div dir="auto">Július 22 és augusztus 19.-e között pénteki napokon jótékonysági képvásárra kerül sor az OMH-ban.</div>
<div dir="auto">Olajfestmények, akvarellek, rézkarc lenyomatok, fotók találhatók a választékunkban, eredeti tájképek, portrék, utcarészletek, apró kerámiák és egyéb dísztárgyak.</div>
<div dir="auto">&nbsp;</div>
<div dir="auto">Ajánlat ellenében és &#8222;First come first serve&#8221; alapon kerülnek megvásárlásra.</div>
<div dir="auto">Az adományokat a Magyarok Kenyere Alapítványnak juttatjuk.</div>
<div dir="auto">&nbsp;</div>
<div dir="auto">A virtuális galériankban megtekinthetnek néhányat a képeink közül.</div>
<p><!--


<div dir="auto">


<div class="mceItem mceNonEditable nggPlaceholder"
         id="1658117006460"
         data-shortcode="ngg src=&quot;albums&quot; ids=&quot;1&quot; display=&quot;basic_compact_album&quot;"
         data-mce-resize="false"
         data-mce-placeholder="1"
         contenteditable="false">


<h3>NextGEN Gallery</h3>




<div class="nggPlaceholderButton nggIgwEdit">
        	Szerkesztés</div>




<div class="nggPlaceholderButton nggIgwRemove">
        	Törlés</div>


</div>


</div>


--></p>
<p>[ngg src=&#8221;galleries&#8221; ids=&#8221;1&#8243; display=&#8221;basic_thumbnail&#8221; thumbnail_crop=&#8221;0&#8243;]</p>

<p>Július 22 és augusztus 19.-e között pénteki napokon jótékonysági képvásárra kerül sor az OMH-ban. Olajfestmények, akvarellek, rézkarc lenyomatok, fotók találhatók a választékunkban, eredeti tájképek, portrék, utcarészletek, apró kerámiák és egyéb dísztárgyak. &nbsp; Ajánlat ellenében és &#8222;First come first serve&#8221; alapon kerülnek megvásárlásra. Az adományokat a Magyarok Kenyere Alapítványnak juttatjuk. &nbsp; A virtuális galériankban megtekinthetnek néhányat [&hellip;]</p>
